 What is the greatest common factor of m and 18?
2
Let d be 301/14 - 1/(-2). Suppose y - 3*f = 5, 3*y - 4*f = -6*f + 37. Calculate the greatest common factor of y and d.
11
Let i = 15 - -43. Suppose f = -2*q + 38, -2*q + q = -5*f - 8. Suppose -q + i = 4*c. Calculate the greatest common divisor of 2 and c.
2
Suppose -35*g + 134112 = 53*g. What is the highest common factor of 24 and g?
12
Suppose c = -2*c. Suppose c*o - 4 = -4*o. Let t be 4/(-2*o/(-12)). Calculate the greatest common divisor of 8 and t.
8
Let t = -27 + 43. Suppose 9*u - t = 5*u. What is the greatest common divisor of u and 4?
4
Let c = -1425 + 1437. Calculate the greatest common factor of 36 and c.
12
Let r(c) = 3*c**2 + 3*c + 10. Let s(b) = 3*b**2 + 2*b + 10. Let f(i) = -3*r(i) + 4*s(i). Let k be f(-3). Calculate the highest common factor of k and 20.
20
Let q be 0 + (3 + 0)/1. Suppose r - 2*f = 34, -5*r - q*f + 156 = f. What is the greatest common divisor of 80 and r?
16
Let x(p) be the first derivative of -p**3/3 - 3*p**2 - 36. Suppose -n - 3*n = 8. Let f be x(n). Calculate the highest common divisor of 4 and f.
4
Let n be (-30)/50 + 56/10 + -1. What is the greatest common factor of 36 and n?
4
Let i(o) = o**3 - 2*o**2 + o - 1. Let n be i(3). Let d = -4 - -59. Calculate the greatest common factor of n and d.
11
Let d be 4 - -2 - ((-8)/12)/(8/1080). Suppose 0 = -3*g - 0*g + 15. Suppose -2*t + 43 = -g. Calculate the highest common divisor of t and d.
24
Suppose -j + 4*f + 6 = 18, 4*f - 108 = 5*j. Let r = 47 - 8. Let n = r + j. What is the greatest common factor of n and 15?
15
Let w(o) = 2*o + 14. Let t(l) = -7*l**2 + 1. Let z be t(-1). Let q be w(z). Let v = 94 - 89. What is the greatest common divisor of v and q?
1
Let a = -233 + 583. What is the greatest common factor of a and 14?
14
Let g = 5 + 6. Let y = 4868 - 4615. What is the highest common factor of g and y?
11
Suppose -2*t + 6*t + 8 = 0. Let b be 9 - (t + -3*2/(-2)). Let k(u) = u**2. Let c be k(-2). What is the greatest common divisor of b and c?
4
Suppose -5*f = 9*f - 7938. What is the greatest common divisor of 63 and f?
63
Let u(i) = -8 + 19*i**2 - 3*i - 15*i**2 + i. Let t be u(5). Let y = t - 16. Calculate the highest common factor of 22 and y.
22
Let b = 231 - 338. Let w = 127 + b. Calculate the highest common divisor of 220 and w.
20
Let f(b) = -b**2 - 3*b + 7. Let k be f(-5). Let j(p) = -11*p + 7. Let n be j(k). What is the greatest common divisor of n and 5?
5
Let t(n) = n + 2. Let l be t(-2). Suppose -2*h + 5*h - 45 = l. Let r = -73 + 83. Calculate the greatest common factor of h and r.
5
Let f(y) = -6 - 3 + 14*y - 5 + 2. Let o be f(2). Calculate the highest common divisor of 24 and o.
8
Let i(o) = o**2 + o - 4. Let q = -9 + 12. Let c be i(q). Let z be (-81)/(-12) - (-2)/c. Calculate the greatest common divisor of 21 and z.
7
Let j = 27 - 24. Let b(s) = 4*s**2 - 5*s + 5. Let u be b(j). What is the highest common divisor of 39 and u?
13
Let k = 0 + 10. Let n be 126/33 - (-6)/33. Suppose 4 = 4*z - n. What is the greatest common factor of k and z?
2
Suppose -287*f + 825 = -276*f. Let s be 3*15*(3 + -2). What is the highest common factor of f and s?
15
Suppose -389*n + 394*n = 360. What is the greatest common factor of n and 40?
8
Let x = 40 - -23. Let a = x + -42. Calculate the highest common factor of 231 and a.
21
Suppose y + 183 = -5*u, 4*u + 86 = -4*y - 54. Let a = -28 - u. Calculate the greatest common divisor of a and 99.
9
Suppose 0 = 5*q - 53 + 3. Suppose 0 = 4*c - 20, 51*c = -5*m + 55*c + 280. What is the greatest common divisor of q and m?
10
Let d = 17 - -10. Let v = d - 19. What is the greatest common factor of 8 and v?
8
Suppose 0*w = 3*w. Suppose -m - m - 86 = w. Let f = m - -65. Calculate the highest common factor of f and 11.
11
Let r be 50/8 - 6/24. Suppose 120 = -q + r*q. What is the greatest common divisor of 24 and q?
24
Suppose -34*x + 3808 + 6018 = 0. What is the highest common divisor of 17 and x?
17
Suppose 0*l - 5*l - 2*c - 614 = 0, 0 = -3*l + 2*c - 362. Let t = -80 - l. Let p be (-2)/(-4) + 55/2. What is the highest common divisor of t and p?
14
Suppose 2*a - 2803 = 3*o, -4*o + 421 = -2*a + 3223. What is the highest common divisor of 61 and a?
61
Let n(a) = -a**3 - 14*a**2 + 15*a + 26. Let o be n(-12). Let x = o - -739. Calculate the greatest common factor of 11 and x.
11
Suppose -c + f = -259, 152 + 632 = 3*c + 4*f. What is the greatest common factor of 364 and c?
52
Suppose -86*w = -89*w + 6. Let l be 3 - (w + -4) - -4. What is the greatest common factor of l and 81?
9
Suppose -128 - 114 = 2*b. Let q = 191 + b. Let l(a) = 10*a. Let d be l(1). Calculate the highest common divisor of d and q.
10
Let a(t) = -141*t + 14. Let v be a(-2). Calculate the highest common divisor of v and 16.
8
Let s = 66 + -27. Suppose -3*b - 128 = -8*b + l, -5*b = -5*l - 120. Calculate the greatest common factor of b and s.
13
Suppose n - 5*j = -15, 0 = 4*n + j - 24. Calculate the highest common divisor of 505 and n.
5
Let g(b) = 7*b**2 - 8*b + 3. Let m be g(2). Calculate the highest common factor of m and 120.
15
Let c = 4 + 2. Let d = 14 + -30. Let a = d - -25. What is the highest common divisor of c and a?
3
Let y be (-21)/2*(-4)/6. Let d(w) = 20*w + w**2 + 2 - 25*w - 2. Let r be d(y). What is the highest common factor of r and 21?
7
Let j be ((-46)/(-115))/(2/10). Let x(h) = -h**2 - h + 2. Let o be x(0). Suppose -o = -3*k + 4. Calculate the highest common divisor of k and j.
2
Let w(c) = -c**2 - 56*c - 11. Let s be w(-16). What is the highest common factor of 17 and s?
17
Let a = -11 - -16. Suppose 10 = -h - a*k + 35, -5*h = 3*k - 37. What is the greatest common factor of h and 5?
5
Let s = -156 - -171. Calculate the highest common factor of s and 345.
15
Suppose -w + 428 = 2*y, 4*w - w = 5*y - 1092. Let p = -1102 - -1120. Calculate the highest common divisor of y and p.
18
Suppose -3*r + 3*t = -432, -3*t = -0*t + 3. Let o(v) = -8*v + 29. Let l be o(2). What is the greatest common factor of l and r?
13
Let d be 2 + (4 - 2) - 2. Let p(c) = c**3 - 21*c**2 + 34*c + 74. Let h be p(19). Let t be 6 + h + d + 4. What is the highest common factor of 50 and t?
10
Suppose 0 = -16*d - 34*d + 13750. What is the highest common divisor of d and 11?
11
Let z(j) = j**2 + 5*j - 178. Let b be z(29). What is the highest common factor of b and 101?
101
Suppose -9*m = -4*m - 3*g - 356, 5*m - 5*g = 350. Let s = 133 - m. Calculate the highest common factor of s and 12.
12
Let a = -588 - -940. What is the highest common factor of 64 and a?
32
Suppose 3*w + 0*w = 243. Let a = -33 + w. Calculate the highest common divisor of 12 and a.
12
Suppose 5*p - 61 = 139. Suppose 2*a + 3*m = 20, -3*a + 5*m + 28 = -40. Calculate the greatest common factor of a and p.
8
Suppose -69*f + 120 = -63*f. What is the highest common factor of 180 and f?
20
Let j(a) = -a**3 - 20*a**2 - 10*a + 32. Let z be j(-20). Calculate the highest common factor of 8 and z.
8
Let w be 1105/34 + (-1)/2. Let u(j) = -j**3 + j**2 + 4*j + 8. Let p be u(0). What is the highest common divisor of w and p?
8
Let k = -451 - -474. What is the highest common divisor of k and 575?
23
Let y(s) = 17*s**2 + 28*s + 39. Let r be y(-2). What is the highest common factor of 1241 and r?
17
Suppose 0 = 5*y + n - 93, 4*y - 7*y + 3*n = -45. What is the highest common divisor of y and 36?
18
Suppose 5*p - 3*j - 5 = 0, 64*p - 2*j - 10 = 59*p. Calculate the greatest common divisor of p and 18.
2
Let r = 0 - 5. Let w = r - -7. Calculate the greatest common divisor of w and 2.
2
Let g(c) = 33*c + 9. Let w(r) = r**2 + 7*r + 5. Let z be w(-5). Let m be g(z). Let o be (-5)/(m/(-80) - 2). What is the highest common factor of o and 40?
20
Let q be 6*(1 - (2 - 2)). Suppose 3*r - 215 = -2*h, -r = -q*r - 25. Let b(j) = 3*j**2 + 5*j - 4. Let u be b(-5). What is the highest common divisor of h and u?
23
Let o be 0 - 0 - (2 + 8 + -16). What is the greatest common divisor of o and 70?
2
Suppose 3*k + 93 = 3*f, 4*f = 3*k - 0*k + 123. Let u be 48/(3 - -1) - 0. Calculate the highest common factor of f and u.
6
Suppose 45*f - 46*f + 33 = 0. Calculate the highest common divisor of 319 and f.
11
Suppose 7*o + 653 = 975. Calculate the greatest common factor of 92 and o.
46
Suppose 6 = 4*a - 7*a. Let y be ((-2